{"id":20046,"date":"2025-01-10T17:13:07","date_gmt":"2025-01-10T23:13:07","guid":{"rendered":"https:\/\/ecopipo.com\/matriz\/?post_type=product&#038;p=20046"},"modified":"2026-04-22T11:33:45","modified_gmt":"2026-04-22T16:33:45","slug":"delantal-kids","status":"publish","type":"product","link":"https:\/\/ecopipo.com\/matriz\/producto\/delantal-kids\/","title":{"rendered":"Delantal Kids"},"content":{"rendered":"<p>Este delantal kids es ideal para hacer manualidades proteger la ropa de cualquier actividad sin temor a mancharla o mojarla, gracias a la tela impermeable con la que est\u00e1 elaborado, tiene una bolsa delantera y tres broches en el cuello para ajustarlo, est\u00e1 hecho en M\u00e9xico con la calidad que nos caracteriza.<\/p>\n","protected":false},"excerpt":{"rendered":"<p>Haz match con tu beb\u00e9 mientras realizas otras actividades sin tener que manchar tu ropa, los delantales Ecopipo har\u00e1n que combines tu outfit con el de tu beb\u00e9 en sus actividades diarias y luce espectacular.<\/p>\n","protected":false},"featured_media":0,"template":"","meta":[],"product_brand":[],"product_cat":[314],"product_tag":[],"class_list":{"0":"post-20046","1":"product","2":"type-product","3":"status-publish","5":"product_cat-mujer","7":"first","8":"outofstock","9":"shipping-taxable","10":"product-type-variable","11":"rtwpvg-product"},"supplier_id":null,"supplier_sku":"","barcode":null,"atum_controlled":true,"out_stock_date":null,"out_stock_threshold":null,"inheritable":true,"inbound_stock":0,"stock_on_hold":0,"sold_today":1,"sales_last_days":9,"reserved_stock":0,"customer_returns":0,"warehouse_damage":0,"lost_in_post":0,"other_logs":0,"out_stock_days":null,"lost_sales":0,"has_location":false,"update_date":"2026-04-28T17:45:42","atum_locations":[],"atum_stock_status":"outofstock","restock_status":false,"low_stock_amount":"","sales_update_date":"2026-04-28T17:45:42","calc_backorders":null,"aioseo_notices":[],"_links":{"self":[{"href":"https:\/\/ecopipo.com\/matriz\/wp-json\/wp\/v2\/product\/20046","targetHints":{"allow":["GET"]}}],"collection":[{"href":"https:\/\/ecopipo.com\/matriz\/wp-json\/wp\/v2\/product"}],"about":[{"href":"https:\/\/ecopipo.com\/matriz\/wp-json\/wp\/v2\/types\/product"}],"wp:attachment":[{"href":"https:\/\/ecopipo.com\/matriz\/wp-json\/wp\/v2\/media?parent=20046"}],"wp:term":[{"taxonomy":"product_brand","embeddable":true,"href":"https:\/\/ecopipo.com\/matriz\/wp-json\/wp\/v2\/product_brand?post=20046"},{"taxonomy":"product_cat","embeddable":true,"href":"https:\/\/ecopipo.com\/matriz\/wp-json\/wp\/v2\/product_cat?post=20046"},{"taxonomy":"product_tag","embeddable":true,"href":"https:\/\/ecopipo.com\/matriz\/wp-json\/wp\/v2\/product_tag?post=20046"}],"curies":[{"name":"wp","href":"https:\/\/api.w.org\/{rel}","templated":true}]}}