{"id":3829,"date":"2022-11-04T00:04:05","date_gmt":"2022-11-04T00:04:05","guid":{"rendered":"https:\/\/ecopipo.com\/matriz\/?post_type=product&#038;p=3829"},"modified":"2026-04-20T10:12:16","modified_gmt":"2026-04-20T15:12:16","slug":"lonchera","status":"publish","type":"product","link":"https:\/\/ecopipo.com\/matriz\/producto\/lonchera\/","title":{"rendered":"Lonchera"},"content":{"rendered":"<p class=\"prod_des\">Elaborada con la calidad que nos caracteriza, la Lonchera es excelente para llevar comida ya sea fr\u00eda o caliente por largo tiempo gracias a su forro t\u00e9rmico. Ideal para edad preescolar, primaria e incluso llevarla a la oficina, comb\u00ednala con el outfit Ecopipo de tu beb\u00e9. La puedes limpiar con un pa\u00f1o h\u00famedo por fuera y con un pa\u00f1o seco por dentro. Est\u00e1 hecha en M\u00e9xico Medidas: Alto: 25 Cm, Ancho: 20 Cm, Fuelle: 15 Cm.<\/p>\n","protected":false},"excerpt":{"rendered":"<p class=\"prod_des\">Gracias a su forro t\u00e9rmico, los alimentos se mantienen fr\u00edos o calientes por mayor tiempo, est\u00e1 hecha de poli\u00e9ster y con tintas a base agua y libres de plomo. Su gran tama\u00f1o permite llevar un lunch abundante.<\/p>\n","protected":false},"featured_media":15370,"template":"","meta":[],"product_brand":[],"product_cat":[234],"product_tag":[],"class_list":{"0":"post-3829","1":"product","2":"type-product","3":"status-publish","4":"has-post-thumbnail","6":"product_cat-outfit","8":"first","9":"instock","10":"shipping-taxable","11":"purchasable","12":"product-type-variable","13":"rtwpvg-product"},"supplier_id":null,"supplier_sku":"","barcode":null,"atum_controlled":true,"out_stock_date":null,"out_stock_threshold":null,"inheritable":true,"inbound_stock":0,"stock_on_hold":0,"sold_today":0,"sales_last_days":0,"reserved_stock":0,"customer_returns":0,"warehouse_damage":0,"lost_in_post":0,"other_logs":0,"out_stock_days":null,"lost_sales":0,"has_location":false,"update_date":"2026-04-20T15:12:28","atum_locations":[],"atum_stock_status":"instock","restock_status":false,"low_stock_amount":"","sales_update_date":"2026-04-06T19:34:35","calc_backorders":null,"aioseo_notices":[],"_links":{"self":[{"href":"https:\/\/ecopipo.com\/matriz\/wp-json\/wp\/v2\/product\/3829","targetHints":{"allow":["GET"]}}],"collection":[{"href":"https:\/\/ecopipo.com\/matriz\/wp-json\/wp\/v2\/product"}],"about":[{"href":"https:\/\/ecopipo.com\/matriz\/wp-json\/wp\/v2\/types\/product"}],"wp:featuredmedia":[{"embeddable":true,"href":"https:\/\/ecopipo.com\/matriz\/wp-json\/wp\/v2\/media\/15370"}],"wp:attachment":[{"href":"https:\/\/ecopipo.com\/matriz\/wp-json\/wp\/v2\/media?parent=3829"}],"wp:term":[{"taxonomy":"product_brand","embeddable":true,"href":"https:\/\/ecopipo.com\/matriz\/wp-json\/wp\/v2\/product_brand?post=3829"},{"taxonomy":"product_cat","embeddable":true,"href":"https:\/\/ecopipo.com\/matriz\/wp-json\/wp\/v2\/product_cat?post=3829"},{"taxonomy":"product_tag","embeddable":true,"href":"https:\/\/ecopipo.com\/matriz\/wp-json\/wp\/v2\/product_tag?post=3829"}],"curies":[{"name":"wp","href":"https:\/\/api.w.org\/{rel}","templated":true}]}}