{"id":3849,"date":"2022-11-03T20:47:29","date_gmt":"2022-11-04T02:47:29","guid":{"rendered":"https:\/\/ecopipo.com\/matriz\/?post_type=product&#038;p=3849"},"modified":"2026-01-15T19:13:20","modified_gmt":"2026-01-16T01:13:20","slug":"liquido-antibacterial-cuidado","status":"publish","type":"product","link":"https:\/\/ecopipo.com\/matriz\/producto\/liquido-antibacterial-cuidado\/","title":{"rendered":"L\u00edquido Antibacterial"},"content":{"rendered":"<p>La versatilidad de nuestro L\u00edquido Antibacterial te ayudar\u00e1 a mantener tus pa\u00f1ales en buen estado, libres de bacterias y hongos, tambi\u00e9n lo puedes usar para la limpieza en el hogar, para desinfectar ropa de cama y S\u00faperficies como cuna, ba\u00f1era, juguetes, pisos y lugares en donde est\u00e9 y juegue tu beb\u00e9.<\/p>\n","protected":false},"excerpt":{"rendered":"<p>La versatilidad de nuestro L\u00edquido Antibacterial te ayudar\u00e1 a mantener tus pa\u00f1ales en buen estado, libres de bacterias y hongos, tambi\u00e9n lo puedes usar para la limpieza en el hogar, para desinfectar ropa de cama y S\u00faperficies como cuna, ba\u00f1era, juguetes, pisos y lugares en donde est\u00e9 y juegue tu beb\u00e9.<\/p>\n","protected":false},"featured_media":5335,"template":"","meta":[],"product_brand":[],"product_cat":[261],"product_tag":[],"class_list":{"0":"post-3849","1":"product","2":"type-product","3":"status-publish","4":"has-post-thumbnail","6":"product_cat-cuidado","8":"first","9":"outofstock","10":"shipping-taxable","11":"purchasable","12":"product-type-simple"},"supplier_id":null,"supplier_sku":"","barcode":null,"atum_controlled":true,"out_stock_date":"2025-08-05 12:59:48","out_stock_threshold":null,"inheritable":false,"inbound_stock":0,"stock_on_hold":0,"sold_today":0,"sales_last_days":0,"reserved_stock":0,"customer_returns":0,"warehouse_damage":0,"lost_in_post":0,"other_logs":0,"out_stock_days":268,"lost_sales":79328,"has_location":false,"update_date":"2026-04-30T15:06:47","atum_locations":[],"atum_stock_status":"outofstock","restock_status":false,"low_stock_amount":"","sales_update_date":"2026-04-30T15:06:47","calc_backorders":null,"aioseo_notices":[],"_links":{"self":[{"href":"https:\/\/ecopipo.com\/matriz\/wp-json\/wp\/v2\/product\/3849","targetHints":{"allow":["GET"]}}],"collection":[{"href":"https:\/\/ecopipo.com\/matriz\/wp-json\/wp\/v2\/product"}],"about":[{"href":"https:\/\/ecopipo.com\/matriz\/wp-json\/wp\/v2\/types\/product"}],"wp:featuredmedia":[{"embeddable":true,"href":"https:\/\/ecopipo.com\/matriz\/wp-json\/wp\/v2\/media\/5335"}],"wp:attachment":[{"href":"https:\/\/ecopipo.com\/matriz\/wp-json\/wp\/v2\/media?parent=3849"}],"wp:term":[{"taxonomy":"product_brand","embeddable":true,"href":"https:\/\/ecopipo.com\/matriz\/wp-json\/wp\/v2\/product_brand?post=3849"},{"taxonomy":"product_cat","embeddable":true,"href":"https:\/\/ecopipo.com\/matriz\/wp-json\/wp\/v2\/product_cat?post=3849"},{"taxonomy":"product_tag","embeddable":true,"href":"https:\/\/ecopipo.com\/matriz\/wp-json\/wp\/v2\/product_tag?post=3849"}],"curies":[{"name":"wp","href":"https:\/\/api.w.org\/{rel}","templated":true}]}}