{"id":4272,"date":"2022-11-08T12:00:35","date_gmt":"2022-11-08T18:00:35","guid":{"rendered":"https:\/\/ecopipo.com\/matriz\/?post_type=product&#038;p=4272"},"modified":"2026-05-12T22:57:46","modified_gmt":"2026-05-13T03:57:46","slug":"protectores-de-lactancia","status":"publish","type":"product","link":"https:\/\/ecopipo.com\/matriz\/producto\/protectores-de-lactancia\/","title":{"rendered":"Protectores De Lactancia"},"content":{"rendered":"<p>Con nuestros protectores de lactancia, te mantendr\u00e1s seca y fresca, gracias a sus telas especiales para que no sientas humedad. Son impermeables y transpirables, por lo que tendr\u00e1s la sensaci\u00f3n de estar fresca mientras los utilizas. Son muy absorbentes, suaves, flexibles y f\u00e1ciles acomodar y de lavar, puedes utilizar el detergente para toallas femeninas de Lubella, el detergente para pa\u00f1ales de Ecopipo, o bien, cualquier otro detergente biodegradable, puedes lavarlos en lavadora, secar a la sombra, es importante que no utilices cloro, suavizante de telas, jab\u00f3n de barra, vinagre o productos que contengan \u00f3xido de zinc o lanolina. Vienen en presentaci\u00f3n de seis piezas<\/p>\n","protected":false},"excerpt":{"rendered":"<p>Est\u00e1n elaborados con telas certificadas que cuidan tu piel son impermeables y transpirables su efecto siempre seco har\u00e1 que tengas la misma sensaci\u00f3n mientras los utilizas tambi\u00e9n proteges tu piel de qu\u00edmicos t\u00f3xicos<\/p>\n","protected":false},"featured_media":5345,"template":"","meta":[],"product_brand":[],"product_cat":[314],"product_tag":[],"class_list":{"0":"post-4272","1":"product","2":"type-product","3":"status-publish","4":"has-post-thumbnail","6":"product_cat-mujer","8":"first","9":"instock","10":"shipping-taxable","11":"purchasable","12":"product-type-simple"},"supplier_id":null,"supplier_sku":"","barcode":null,"atum_controlled":true,"out_stock_date":null,"out_stock_threshold":null,"inheritable":false,"inbound_stock":0,"stock_on_hold":7,"sold_today":0,"sales_last_days":1,"reserved_stock":0,"customer_returns":0,"warehouse_damage":0,"lost_in_post":0,"other_logs":0,"out_stock_days":0,"lost_sales":0,"has_location":false,"update_date":"2026-05-13T03:57:58","atum_locations":[],"atum_stock_status":"instock","restock_status":false,"low_stock_amount":30,"sales_update_date":"2026-05-13T03:57:58","calc_backorders":null,"aioseo_notices":[],"_links":{"self":[{"href":"https:\/\/ecopipo.com\/matriz\/wp-json\/wp\/v2\/product\/4272","targetHints":{"allow":["GET"]}}],"collection":[{"href":"https:\/\/ecopipo.com\/matriz\/wp-json\/wp\/v2\/product"}],"about":[{"href":"https:\/\/ecopipo.com\/matriz\/wp-json\/wp\/v2\/types\/product"}],"wp:featuredmedia":[{"embeddable":true,"href":"https:\/\/ecopipo.com\/matriz\/wp-json\/wp\/v2\/media\/5345"}],"wp:attachment":[{"href":"https:\/\/ecopipo.com\/matriz\/wp-json\/wp\/v2\/media?parent=4272"}],"wp:term":[{"taxonomy":"product_brand","embeddable":true,"href":"https:\/\/ecopipo.com\/matriz\/wp-json\/wp\/v2\/product_brand?post=4272"},{"taxonomy":"product_cat","embeddable":true,"href":"https:\/\/ecopipo.com\/matriz\/wp-json\/wp\/v2\/product_cat?post=4272"},{"taxonomy":"product_tag","embeddable":true,"href":"https:\/\/ecopipo.com\/matriz\/wp-json\/wp\/v2\/product_tag?post=4272"}],"curies":[{"name":"wp","href":"https:\/\/api.w.org\/{rel}","templated":true}]}}