{"id":8286,"date":"2023-04-11T14:31:29","date_gmt":"2023-04-11T20:31:29","guid":{"rendered":"https:\/\/ecopipo.com\/matriz\/producto\/calzon-entrenador-g1-unitalla-futbol\/"},"modified":"2026-02-11T11:53:35","modified_gmt":"2026-02-11T17:53:35","slug":"calzon-entrenador-g1-unitalla-futbol","status":"publish","type":"product","link":"https:\/\/ecopipo.com\/matriz\/producto\/calzon-entrenador-g1-unitalla-futbol\/","title":{"rendered":"Calz\u00f3n Entrenador G1 Unitalla Futbol"},"content":{"rendered":"<p>El calzoncito esta dise\u00f1ado para poder subir y bajar f\u00e1cilmente, esta fabricado en su exterior de tela PUL que es transpirable e impermeable con un forro interno de Velour de algod\u00f3n. El calz\u00f3n tiene un sistema Todo en Dos, ya que tiene un absorbente desprendible fabricado con 4 capas de Microfibra , 1 de velour de algod\u00f3n (contacto con la piel) y 1 de PUL para evitar que la humedad traspase al calz\u00f3n y de ese modo poder reemplazar el absorbente \u00fanicamente en caso de alg\u00fan accidente.<\/p>\n","protected":false},"excerpt":{"rendered":"<p>El calzoncito esta dise\u00f1ado para poder subir y bajar f\u00e1cilmente, esta fabricado en su exterior de tela PUL que es transpirable e impermeable con un forro interno de Velour de algod\u00f3n. El calz\u00f3n tiene un sistema Todo en Dos, ya que tiene un absorbente desprendible fabricado con 4 capas de Microfibra , 1 de velour de algod\u00f3n (contacto con la piel) y 1 de PUL para evitar que la humedad traspase al calz\u00f3n y de ese modo poder reemplazar el absorbente \u00fanicamente en caso de alg\u00fan accidente.<\/p>\n","protected":false},"featured_media":0,"template":"","meta":[],"product_brand":[],"product_cat":[483,429,417],"product_tag":[],"class_list":{"0":"post-8286","1":"product","2":"type-product","3":"status-publish","5":"product_cat-calzon-g1","6":"product_cat-estampado","7":"product_cat-fuera-de-catalogo","9":"first","10":"instock","11":"shipping-taxable","12":"purchasable","13":"product-type-simple"},"supplier_id":null,"supplier_sku":"","barcode":null,"atum_controlled":true,"out_stock_date":null,"out_stock_threshold":null,"inheritable":false,"inbound_stock":0,"stock_on_hold":0,"sold_today":0,"sales_last_days":0,"reserved_stock":0,"customer_returns":0,"warehouse_damage":0,"lost_in_post":0,"other_logs":0,"out_stock_days":0,"lost_sales":0,"has_location":false,"update_date":"2026-03-26T19:14:40","atum_locations":[],"atum_stock_status":"instock","restock_status":true,"low_stock_amount":"","sales_update_date":"2026-03-26T19:14:40","calc_backorders":null,"aioseo_notices":[],"_links":{"self":[{"href":"https:\/\/ecopipo.com\/matriz\/wp-json\/wp\/v2\/product\/8286","targetHints":{"allow":["GET"]}}],"collection":[{"href":"https:\/\/ecopipo.com\/matriz\/wp-json\/wp\/v2\/product"}],"about":[{"href":"https:\/\/ecopipo.com\/matriz\/wp-json\/wp\/v2\/types\/product"}],"wp:attachment":[{"href":"https:\/\/ecopipo.com\/matriz\/wp-json\/wp\/v2\/media?parent=8286"}],"wp:term":[{"taxonomy":"product_brand","embeddable":true,"href":"https:\/\/ecopipo.com\/matriz\/wp-json\/wp\/v2\/product_brand?post=8286"},{"taxonomy":"product_cat","embeddable":true,"href":"https:\/\/ecopipo.com\/matriz\/wp-json\/wp\/v2\/product_cat?post=8286"},{"taxonomy":"product_tag","embeddable":true,"href":"https:\/\/ecopipo.com\/matriz\/wp-json\/wp\/v2\/product_tag?post=8286"}],"curies":[{"name":"wp","href":"https:\/\/api.w.org\/{rel}","templated":true}]}}